[INFO] fetching crate xtor 0.9.10...
[INFO] checking xtor-0.9.10 against master#e6e4f7ed1589e03bc2f6c5931c1a72e7947e8682 for beta-170-4
[INFO] extracting crate xtor 0.9.10 into /workspace/builds/worker-5-tc2/source
[INFO] validating manifest of crates.io crate xtor 0.9.10 on toolchain e6e4f7ed1589e03bc2f6c5931c1a72e7947e8682
[INFO] running `Command { std: CARGO_HOME="/workspace/cargo-home" RUSTUP_HOME="/workspace/rustup-home" "/workspace/cargo-home/bin/cargo" "+e6e4f7ed1589e03bc2f6c5931c1a72e7947e8682" "metadata" "--manifest-path" "Cargo.toml" "--no-deps", kill_on_drop: false }`
[INFO] removed /workspace/builds/worker-5-tc2/source/rust-toolchain
[INFO] started tweaking crates.io crate xtor 0.9.10
[INFO] finished tweaking crates.io crate xtor 0.9.10
[INFO] tweaked toml for crates.io crate xtor 0.9.10 written to /workspace/builds/worker-5-tc2/source/Cargo.toml
[INFO] crate crates.io crate xtor 0.9.10 already has a lockfile, it will not be regenerated
[INFO] running `Command { std: CARGO_HOME="/workspace/cargo-home" RUSTUP_HOME="/workspace/rustup-home" "/workspace/cargo-home/bin/cargo" "+e6e4f7ed1589e03bc2f6c5931c1a72e7947e8682" "fetch" "--manifest-path" "Cargo.toml", kill_on_drop: false }`
[INFO] running `Command { std: "docker" "create" "-v" "/var/lib/crater-agent-workspace/builds/worker-5-tc2/target:/opt/rustwide/target:rw,Z" "-v" "/var/lib/crater-agent-workspace/builds/worker-5-tc2/source:/opt/rustwide/workdir:ro,Z" "-v" "/var/lib/crater-agent-workspace/cargo-home:/opt/rustwide/cargo-home:ro,Z" "-v" "/var/lib/crater-agent-workspace/rustup-home:/opt/rustwide/rustup-home:ro,Z" "-e" "SOURCE_DIR=/opt/rustwide/workdir" "-e" "CARGO_TARGET_DIR=/opt/rustwide/target" "-e" "CARGO_HOME=/opt/rustwide/cargo-home" "-e" "RUSTUP_HOME=/opt/rustwide/rustup-home" "-w" "/opt/rustwide/workdir" "-m" "1610612736" "--user" "0:0" "--network" "none" "ghcr.io/rust-lang/crates-build-env/linux@sha256:19e73879b68f455e41552ea35293514db52ea292d993f571636dbffedb77a1ee" "/opt/rustwide/cargo-home/bin/cargo" "+e6e4f7ed1589e03bc2f6c5931c1a72e7947e8682" "metadata" "--no-deps" "--format-version=1", kill_on_drop: false }`
[INFO] [stdout] 569ce1c995f83c0c52e14599feb88fd5724898a0b66b205087b6ce647e23938f
[INFO] running `Command { std: "docker" "start" "-a" "569ce1c995f83c0c52e14599feb88fd5724898a0b66b205087b6ce647e23938f", kill_on_drop: false }`
[INFO] running `Command { std: "docker" "inspect" "569ce1c995f83c0c52e14599feb88fd5724898a0b66b205087b6ce647e23938f", kill_on_drop: false }`
[INFO] running `Command { std: "docker" "rm" "-f" "569ce1c995f83c0c52e14599feb88fd5724898a0b66b205087b6ce647e23938f", kill_on_drop: false }`
[INFO] [stdout] 569ce1c995f83c0c52e14599feb88fd5724898a0b66b205087b6ce647e23938f
[INFO] running `Command { std: "docker" "create" "-v" "/var/lib/crater-agent-workspace/builds/worker-5-tc2/target:/opt/rustwide/target:rw,Z" "-v" "/var/lib/crater-agent-workspace/builds/worker-5-tc2/source:/opt/rustwide/workdir:ro,Z" "-v" "/var/lib/crater-agent-workspace/cargo-home:/opt/rustwide/cargo-home:ro,Z" "-v" "/var/lib/crater-agent-workspace/rustup-home:/opt/rustwide/rustup-home:ro,Z" "-e" "SOURCE_DIR=/opt/rustwide/workdir" "-e" "CARGO_TARGET_DIR=/opt/rustwide/target" "-e" "CARGO_INCREMENTAL=0" "-e" "RUST_BACKTRACE=full" "-e" "RUSTFLAGS=--cap-lints=forbid" "-e" "RUSTDOCFLAGS=--cap-lints=forbid" "-e" "CARGO_HOME=/opt/rustwide/cargo-home" "-e" "RUSTUP_HOME=/opt/rustwide/rustup-home" "-w" "/opt/rustwide/workdir" "-m" "1610612736" "--user" "0:0" "--network" "none" "ghcr.io/rust-lang/crates-build-env/linux@sha256:19e73879b68f455e41552ea35293514db52ea292d993f571636dbffedb77a1ee" "/opt/rustwide/cargo-home/bin/cargo" "+e6e4f7ed1589e03bc2f6c5931c1a72e7947e8682" "check" "--frozen" "--all" "--all-targets" "--message-format=json", kill_on_drop: false }`
[INFO] [stdout] ebaf7334f016398453b8025bd5bf589711da3e6337668fecc9b9c575bf9ca98b
[INFO] running `Command { std: "docker" "start" "-a" "ebaf7334f016398453b8025bd5bf589711da3e6337668fecc9b9c575bf9ca98b", kill_on_drop: false }`
[INFO] [stderr]    Compiling proc-macro2 v1.0.37
[INFO] [stderr]    Compiling unicode-xid v0.2.2
[INFO] [stderr]    Compiling libc v0.2.124
[INFO] [stderr]    Compiling syn v1.0.91
[INFO] [stderr]    Compiling memchr v2.4.1
[INFO] [stderr]     Checking lazy_static v1.4.0
[INFO] [stderr]     Checking scopeguard v1.1.0
[INFO] [stderr]    Compiling futures-core v0.3.21
[INFO] [stderr]    Compiling log v0.4.16
[INFO] [stderr]    Compiling lock_api v0.4.7
[INFO] [stderr]     Checking smallvec v1.8.0
[INFO] [stderr]     Checking pin-project-lite v0.2.8
[INFO] [stderr]    Compiling parking_lot_core v0.9.2
[INFO] [stderr]     Checking once_cell v1.10.0
[INFO] [stderr]    Compiling crossbeam-utils v0.8.8
[INFO] [stderr]    Compiling futures-task v0.3.21
[INFO] [stderr]    Compiling futures-channel v0.3.21
[INFO] [stderr]    Compiling serde v1.0.136
[INFO] [stderr]     Checking futures-sink v0.3.21
[INFO] [stderr]     Checking bytes v1.1.0
[INFO] [stderr]    Compiling semver v1.0.7
[INFO] [stderr]    Compiling memoffset v0.6.5
[INFO] [stderr]    Compiling futures-util v0.3.21
[INFO] [stderr]    Compiling quote v1.0.18
[INFO] [stderr]     Checking num_cpus v1.13.1
[INFO] [stderr]     Checking socket2 v0.4.4
[INFO] [stderr]     Checking signal-hook-registry v1.4.0
[INFO] [stderr]     Checking mio v0.8.2
[INFO] [stderr]     Checking parking_lot v0.12.0
[INFO] [stderr]     Checking tracing-core v0.1.26
[INFO] [stderr]    Compiling crossbeam-epoch v0.9.8
[INFO] [stderr]     Checking slab v0.4.6
[INFO] [stderr]     Checking futures-io v0.3.21
[INFO] [stderr]     Checking pin-utils v0.1.0
[INFO] [stderr]    Compiling rustc_version v0.4.0
[INFO] [stderr]    Compiling rayon-core v1.9.2
[INFO] [stderr]     Checking crossbeam-channel v0.5.4
[INFO] [stderr]    Compiling num-traits v0.2.14
[INFO] [stderr]    Compiling anyhow v1.0.57
[INFO] [stderr]     Checking either v1.6.1
[INFO] [stderr]    Compiling async-trait v0.1.53
[INFO] [stderr]    Compiling serde_json v1.0.79
[INFO] [stderr]    Compiling cast v0.2.7
[INFO] [stderr]     Checking ryu v1.0.9
[INFO] [stderr]     Checking crossbeam-deque v0.8.1
[INFO] [stderr]     Checking getrandom v0.2.6
[INFO] [stderr]    Compiling rayon v1.5.2
[INFO] [stderr]     Checking unicode-width v0.1.9
[INFO] [stderr]     Checking plotters-backend v0.3.2
[INFO] [stderr]     Checking itoa v1.0.1
[INFO] [stderr]    Compiling serde_derive v1.0.136
[INFO] [stderr]     Checking regex-automata v0.1.10
[INFO] [stderr]     Checking rand_core v0.6.3
[INFO] [stderr]     Checking textwrap v0.11.0
[INFO] [stderr]     Checking plotters-svg v0.3.1
[INFO] [stderr]     Checking itertools v0.10.3
[INFO] [stderr]     Checking csv-core v0.1.10
[INFO] [stderr]     Checking half v1.8.2
[INFO] [stderr]     Checking itoa v0.4.8
[INFO] [stderr]     Checking regex-syntax v0.6.25
[INFO] [stderr]     Checking ppv-lite86 v0.2.16
[INFO] [stderr]     Checking same-file v1.0.6
[INFO] [stderr]     Checking walkdir v2.3.2
[INFO] [stderr]     Checking clap v2.34.0
[INFO] [stderr]     Checking rand_chacha v0.3.1
[INFO] [stderr]     Checking plotters v0.3.1
[INFO] [stderr]     Checking tracing-log v0.1.3
[INFO] [stderr]     Checking dashmap v5.2.0
[INFO] [stderr]     Checking regex v1.5.5
[INFO] [stderr]     Checking bstr v0.2.17
[INFO] [stderr]     Checking criterion-plot v0.4.4
[INFO] [stderr]     Checking csv v1.1.6
[INFO] [stderr]     Checking serde_cbor v0.11.2
[INFO] [stderr]     Checking atty v0.2.14
[INFO] [stderr]     Checking thread_local v1.1.4
[INFO] [stderr]     Checking sharded-slab v0.1.4
[INFO] [stderr]     Checking tinytemplate v1.2.1
[INFO] [stderr]     Checking fnv v1.0.7
[INFO] [stderr]     Checking ansi_term v0.12.1
[INFO] [stderr]     Checking oorandom v11.1.3
[INFO] [stderr]     Checking rand v0.8.5
[INFO] [stderr]     Checking tracing-subscriber v0.3.11
[INFO] [stderr]    Compiling tokio-macros v1.7.0
[INFO] [stderr]    Compiling futures-macro v0.3.21
[INFO] [stderr]    Compiling tracing-attributes v0.1.21
[INFO] [stderr]    Compiling async-stream-impl v0.3.3
[INFO] [stderr]    Compiling xtor_derive v0.9.9
[INFO] [stderr]    Compiling actix_derive v0.6.0
[INFO] [stderr]    Compiling xactor-derive v0.7.1
[INFO] [stderr]     Checking tokio v1.17.0
[INFO] [stderr]     Checking async-stream v0.3.3
[INFO] [stderr]     Checking tracing v0.1.34
[INFO] [stderr]     Checking criterion v0.3.5
[INFO] [stderr]     Checking futures-executor v0.3.21
[INFO] [stderr]     Checking futures v0.3.21
[INFO] [stderr]     Checking tokio-stream v0.1.8
[INFO] [stderr]     Checking actix-rt v2.7.0
[INFO] [stderr]     Checking tokio-util v0.7.1
[INFO] [stderr]     Checking xactor v0.7.11
[INFO] [stderr]     Checking xtor v0.9.10 (/opt/rustwide/workdir)
[INFO] [stdout] error[E0432]: unresolved import `std::lazy`
[INFO] [stdout]  --> src/actor/context.rs:2:5
[INFO] [stdout]   |
[INFO] [stdout] 2 |     lazy::SyncOnceCell,
[INFO] [stdout]   |     ^^^^ could not find `lazy` in `std`
[INFO] [stdout] 
[INFO] [stdout] 
[INFO] [stdout] error[E0432]: unresolved import `std::lazy`
[INFO] [stdout]  --> src/actor/runner.rs:2:5
[INFO] [stdout]   |
[INFO] [stdout] 2 |     lazy::SyncLazy,
[INFO] [stdout]   |     ^^^^ could not find `lazy` in `std`
[INFO] [stdout] 
[INFO] [stdout] 
[INFO] [stdout] error[E0432]: unresolved import `std::lazy`
[INFO] [stdout]  --> src/utils/service.rs:1:24
[INFO] [stdout]   |
[INFO] [stdout] 1 | use std::{any::TypeId, lazy::SyncLazy, sync::Arc};
[INFO] [stdout]   |                        ^^^^ could not find `lazy` in `std`
[INFO] [stdout] 
[INFO] [stdout] 
[INFO] [stdout] warning: private item shadows public glob re-export
[INFO] [stdout]   --> src/lib.rs:57:5
[INFO] [stdout]    |
[INFO] [stdout] 57 | use actor::runner::ACTOR_ID_HANDLE;
[INFO] [stdout]    |     ^^^^^^^^^^^^^^^^^^^^^^^^^^^^^^ but the private item here shadows it
[INFO] [stdout] ...
[INFO] [stdout] 70 | pub use actor::*;
[INFO] [stdout]    |         -------- the name `ACTOR_ID_HANDLE` in the value namespace is supposed to be publicly re-exported here
[INFO] [stdout]    |
[INFO] [stdout]    = note: `#[warn(hidden_glob_reexports)]` on by default
[INFO] [stdout] 
[INFO] [stdout] 
[INFO] [stdout] warning: the feature `once_cell` has been stable since 1.70.0 and no longer requires an attribute to enable
[INFO] [stdout]   --> src/lib.rs:55:12
[INFO] [stdout]    |
[INFO] [stdout] 55 | #![feature(once_cell)]
[INFO] [stdout]    |            ^^^^^^^^^
[INFO] [stdout]    |
[INFO] [stdout]    = note: `#[warn(stable_features)]` on by default
[INFO] [stdout] 
[INFO] [stdout] 
[INFO] [stderr]     Checking tokio-test v0.4.2
[INFO] [stdout] error: aborting due to 3 previous errors; 2 warnings emitted
[INFO] [stdout] 
[INFO] [stdout] 
[INFO] [stdout] For more information about this error, try `rustc --explain E0432`.
[INFO] [stdout] 
[INFO] [stderr] error: could not compile `xtor` (lib) due to 4 previous errors; 2 warnings emitted
[INFO] [stderr] warning: build failed, waiting for other jobs to finish...
[INFO] running `Command { std: "docker" "inspect" "ebaf7334f016398453b8025bd5bf589711da3e6337668fecc9b9c575bf9ca98b", kill_on_drop: false }`
[INFO] running `Command { std: "docker" "rm" "-f" "ebaf7334f016398453b8025bd5bf589711da3e6337668fecc9b9c575bf9ca98b", kill_on_drop: false }`
[INFO] [stdout] ebaf7334f016398453b8025bd5bf589711da3e6337668fecc9b9c575bf9ca98b
